 What is the greatest common divisor of 1250 and i?
50
Suppose -3*u - 32 = -131. Let c be 4 - 17/((-17)/62). What is the greatest common factor of c and u?
33
Let v = -5135 - -5136. What is the greatest common factor of v and 229?
1
Let k be 669/15 - ((-84)/35 - -3). Let d be -1*-2*(-10)/(-4). Suppose 2*h + 12 = d*h. Calculate the highest common divisor of k and h.
4
Suppose 599*j + 507 = 1705. Suppose m - 2 = 0, 4*m + 1 = -5*z - 1. Let n = z - -4. What is the greatest common divisor of n and j?
2
Let v = 82 + -67. Let t = v + -11. Suppose -13 = -k - t. Calculate the highest common factor of 99 and k.
9
Let d(s) = 6*s**2 - 494*s + 4866. Let x be d(10). What is the greatest common factor of 4 and x?
2
Let i(p) = -144*p + 147. Let a be i(1). Let f = -162 + 327. Let y = f + a. What is the highest common factor of 42 and y?
42
Let b = -7 - -23. Let d(h) = h**2 + 16. Let w be d(b). Let i(g) = -35*g - 1. Let p be i(-1). Calculate the greatest common divisor of w and p.
34
Let c = -670 - -1035. Let a = -229 + c. What is the highest common factor of 17 and a?
17
Let i be (((-52)/2)/(-13))/(6/273). Calculate the greatest common divisor of 11063 and i.
13
Let a = -97 + 108. Suppose -a*b = -10*b - 3. Suppose 4*w = -35 + 131. What is the greatest common factor of b and w?
3
Let i(c) = 10*c**2 + 2*c - 6. Let y(d) = -12*d + 52. Let v be y(4). Let p be i(v). What is the greatest common factor of 27 and p?
27
Let n be ((-10104)/216 - -9)*18/(-4). Let w = 18 + -13. What is the highest common divisor of w and n?
5
Let d(l) = 1661*l**2 + 97*l - 99. Let m be d(1). What is the greatest common divisor of 21 and m?
21
Let j = 29 - 24. Let k be j + (-4 - (-2)/2). Suppose k*v + 323 = 3*c + 2*c, 264 = 4*c - 3*v. What is the greatest common divisor of 9 and c?
9
Let v = -3275 - -3429. What is the greatest common divisor of 88 and v?
22
Suppose 2*h - 232 = -5*r, 5*h = 5*r + 75 - 335. Suppose -r*o - 528 = -56*o. Calculate the highest common divisor of 110 and o.
22
Suppose 0 = -9*u + 264 + 4488. Suppose -5*t + u = t. Suppose -4 + 48 = 4*q. What is the highest common divisor of t and q?
11
Suppose 0 = -51*v - 4105 + 43579. Calculate the highest common factor of 54 and v.
18
Let c = -36 - -17. Let v = -10 - c. Suppose 3*k - v*k = -84. What is the highest common factor of 42 and k?
14
Suppose 0*s = -5*s + u + 62, 2*u + 64 = 5*s. Suppose 0 = 66*d + 75*d - 3021 - 1491. Calculate the highest common factor of s and d.
4
Suppose -m + 239 = 4*n, 629*m = -3*n + 633*m + 203. Suppose -616 = -5*t + 1824. What is the greatest common factor of n and t?
61
Let f(z) = -z**3 + 14*z**2 + 19*z - 25. Suppose 0 = 6*q + 23 - 113. Let p be f(q). What is the highest common factor of p and 245?
35
Let x(q) = 2*q**3 - 49*q**2 - 10*q + 118. Let n be x(25). Calculate the greatest common factor of 261 and n.
29
Let k be (-12 - -22)*(17 - -1). Suppose -3*m + k = -60. Let s(y) = -15*y**3 + 2*y**2 + y. Let j be s(-1). Calculate the highest common divisor of j and m.
16
Let f be 1*(-16)/1 + 163. Let l(u) = -3*u - 3. Let a be l(-2). Suppose 72 = 3*k + 3*v, 0 = k + a*k + v - 87. What is the greatest common factor of k and f?
21
Suppose 4*p = 5*s + 250, 3*p + 3*s - 176 = s. Let b = 126 + -111. What is the greatest common factor of b and p?
15
Let i = 103 + -18. Let k(m) = 12*m. Let c be k(-1). Let r be ((-68)/c)/((-5)/(-15)). Calculate the greatest common factor of i and r.
17
Let v = 588140 + -588021. Let c be ((-68)/3)/((-1)/3). Calculate the highest common divisor of v and c.
17
Let k(i) = -i**3 - 51*i**2 + 175*i + 756. Let h be k(-54). What is the greatest common divisor of h and 7101?
27
Let d(k) = -k**2 + k + 72. Let l be d(-7). Suppose 0 = j - 1, 0 = -4*g + 17*j - l*j + 415. What is the greatest common divisor of g and 32?
8
Suppose -4*u + 65 = -5*p, -54 - 38 = -4*u - 4*p. Suppose -3 + 6 = 2*t - 3*l, l + 1 = 2*t. Suppose u = 4*g - t. Calculate the greatest common factor of g and 35.
5
Let n(j) = -j**2 - 74*j - 871. Let x be n(-55). What is the greatest common factor of x and 108?
6
Let d(x) = 770*x**3 - 2*x**2 + 7*x - 5. Let b be d(1). Calculate the greatest common divisor of 231 and b.
77
Let m(h) = 2*h**3 - 22*h**2 - 17*h + 836. Let d be m(20). Calculate the highest common divisor of d and 16.
16
Let b be (1 - (-15)/(-12))/((-25)/(-711200)*-8). What is the greatest common factor of b and 224?
7
Let w(q) = -35*q**2 - 2. Let g(i) = -i**2 - i. Let j(u) = 3*g(u) - w(u). Let n be j(-3). Calculate the greatest common divisor of n and 23.
23
Let b(d) = 6*d + 18. Let l be b(-2). Suppose 3*v - 32 = -x + l*v, 104 = 3*x - v. What is the highest common factor of x and 55?
5
Let w be (-6208)/(-28) - 1*(-8)/28. Suppose 23*g - w = 192. Suppose d + 13 = 4*x + 6*d, 0 = 2*d - 2. Calculate the highest common factor of g and x.
2
Let g(k) = -324*k + 1374. Let x be g(4). What is the greatest common factor of x and 10023?
39
Let t be 205348/1077*24/22. What is the highest common factor of t and 1586?
26
Let h = 4313 - 4237. Calculate the highest common divisor of h and 156.
4
Suppose 0 = 2*o - 18 + 6. Let m be (-30)/o - -6 - -14. Calculate the highest common divisor of m and 10.
5
Let r = 3583 - -11317. Calculate the highest common divisor of r and 200.
100
Let w(s) = s + 12. Let u be w(-9). Suppose 0*n + u*n = 1626. Suppose 4*o + 131 - n = -c, 0 = -o - 3*c + 89. Calculate the highest common factor of o and 13.
13
Suppose 747 = 20*c - 1953. Calculate the highest common divisor of c and 405.
135
Let c = 23 - 9. Let l(z) = -207*z - 5463. Let r be l(-27). Calculate the highest common divisor of c and r.
14
Let f be ((-621)/(-18))/(1/6). Suppose -28 = 5*c - 4*d + 32, 5*c - d + 60 = 0. Let r be 92/6*-2*c/16. What is the highest common factor of r and f?
23
Let l(h) = h**3 - 18*h**2 + 173*h - 2229. Let t be l(16). Calculate the highest common factor of 99 and t.
9
Let y(o) = 137*o**2 - 5*o - 2. Let x be y(1). Calculate the greatest common divisor of x and 494.
26
Let x(i) = i**3 - 60*i**2 - 391*i - 15. Let o be x(66). What is the greatest common factor of 4284 and o?
63
Suppose 2*p - o - 214 = 3*o, 20 = -5*o. Suppose p*r = 108*r - 1080. Calculate the greatest common divisor of 96 and r.
24
Let f(a) = 119*a**2 + 43*a - 42. Let u be f(1). What is the highest common divisor of u and 135?
15
Let b(a) = 2*a**3 + 5*a**2 + 2*a - 1. Let w be b(4). Let k be (-3)/4*2 + (-38)/(-4). Let f be 129/12*(16 - k). What is the highest common factor of w and f?
43
Let j = -32 + 598. Let p be j/6 - 0 - 49/147. Calculate the greatest common factor of 423 and p.
47
Suppose 4*p - 16 = 0, -3*p - 2*p = 3*u - 80. Suppose -3*x = -5*n - 2, -5*n + 1 = -4*x + 7. What is the greatest common divisor of x and u?
4
Let x(z) = z + 21. Let g be x(-13). Let l(j) = -18 + 7*j + 32 - j**3 + 4*j**2 - 8. Let h be l(5). Calculate the highest common divisor of h and g.
8
Let g(s) = -s + 34. Let x be g(-31). Suppose 81*l - 1120 = x*l. Calculate the greatest common factor of l and 630.
70
Let s(p) = 4*p**3 - 5*p**2 + 109*p + 15. Let v be s(14). What is the greatest common divisor of 166 and v?
83
Let s be ((-6)/10)/((-3)/15). Let c be (5 + 9)/((-63)/(-18)). Suppose -4*x = -n - 29, x + 0*x + s*n = c. What is the greatest common divisor of x and 56?
7
Let r(j) = -3*j**2 + 36*j - 12. Let k be (-3 + -22)/((-9)/6 + -1). Let o be r(k). What is the highest common divisor of o and 42?
6
Let f be (10880/(-24))/((-1)/6). Let k be (-1 - 0)/(-5*1/f). What is the greatest common factor of k and 17?
17
Suppose 2*z + 5*a - 134 = -21, 4*z - 5*a - 181 = 0. Let m(j) = 3*j**2 + j - 3. Let w be m(-2). What is the greatest common divisor of w and z?
7
Let r(k) = -1514*k - 227. Let v be r(-1). What is the greatest common divisor of v and 77?
11
Suppose 0 = 4*w - 4*l - 409 - 699, -4*l + 1430 = 5*w. Suppose 276*s + 96 = w*s. What is the greatest common factor of s and 464?
16
Suppose 189*z - 396753 = -96432. What is the highest common divisor of z and 7?
7
Let j(q) = -24*q + 96. Let f be j(4). Suppose -6*t = -f*t - 684. What is the greatest common divisor of t and 6?
6
Suppose -16*h + 2*h = 15*h - 4408. Calculate the highest common factor of 1482 and h.
38
Suppose 11*r + 200 - 1223 = 0. Suppose -91*i - 42 = -r*i. Calculate the highest common factor of i and 147.
21
Let b = 1279 + -1369. Supp